 common factor of o and 66.
22
Let k = 110 + -72. Let p = 65 - k. What is the highest common divisor of 36 and p?
9
Let y = -33 + 14. Let r = 31 + y. Calculate the greatest common divisor of r and 30.
6
Let u(b) = -2*b + 5. Let i be u(0). Suppose -3*m = 4*k - 73, 0 = i*m - 0*k + k - 133. Let o = m - 9. What is the highest common divisor of o and 27?
9
Let a = 65 + -61. Suppose -a*t + 43 = c, -4*t = 3*c - c - 38. What is the greatest common divisor of t and 3?
3
Suppose -6*q + 4*q = -180. Let n = -44 - -54. Calculate the greatest common factor of n and q.
10
Let o = -41 + 64. Suppose -3*y + 0*c + o = -2*c, -2*y + 5*c + 8 = 0. Suppose -4*f - y = -29. What is the highest common divisor of f and 25?
5
Suppose -u - 218 = -235. Suppose 6*j - u = -5. What is the highest common divisor of j and 1?
1
Let s(y) be the third derivative of 5*y**4/6 + y**2. Let r be s(1). What is the greatest common divisor of 30 and r?
10
Let m be (32 + 0)*2/2. Let d(a) = -a**2 - 10*a - 13. Let y = -9 - -2. Let v be d(y). Calculate the greatest common divisor of v and m.
8
Suppose 0 = b - 3*h - 303, -7*b + 12*b - 1420 = -4*h. Calculate the greatest common divisor of 36 and b.
36
Suppose 21*i - 96 = -3*i. What is the highest common divisor of i and 4?
4
Suppose -2*s + 31 = -15. Suppose 2*j - s = j. Let w = -17 + j. What is the greatest common factor of 9 and w?
3
Suppose 58 = -7*f - 677. Let o be (-3)/(-7) - 2055/f. What is the highest common divisor of 30 and o?
10
Let l(r) = -33*r - 3. Let h be l(-5). Suppose d - h = -d. Calculate the greatest common divisor of d and 9.
9
Let p(z) = -13*z**3 + z**2 + 3*z + 6. Let i be p(-2). Calculate the greatest common divisor of 162 and i.
54
Let u = -6 - -4. Let h(x) = x**2 + 3*x + 2. Let n be h(u). Suppose 3*q - 31 = -9*k + 4*k, n = k - 5*q - 23. What is the highest common factor of k and 2?
2
Let h(q) = 11*q + 3. Let f(v) be the first derivative of -v - 3. Let c(u) = -3*f(u) + h(u). Let p be c(6). Calculate the greatest common divisor of 9 and p.
9
Let b be (10 - (-308)/42)*(23 + 1). What is the highest common divisor of 144 and b?
16
Let q(d) = -d**3 - 7*d**2 - 9*d - 6. Let l be q(-6). Let m = -560 + 596. What is the highest common divisor of m and l?
12
Let r(f) = f**3 + 10*f**2 + 12*f + 19. Let k be r(-8). What is the highest common factor of 17 and k?
17
Suppose 3*u + 2*h = 401, 32*u - 661 = 27*u + 4*h. Calculate the highest common divisor of 28 and u.
7
Suppose 19*m = 16*m + 147. Let v(k) = -k**2 - 12*k - 13. Let n be v(-11). Let c = n - -9. What is the highest common factor of m and c?
7
Suppose c - 951 + 63 = -4*j, 3571 = 4*c - 3*j. Suppose a + 4*f - 163 = 0, 0 = 4*a + 3*f + 292 - c. What is the greatest common divisor of a and 21?
21
Let z(i) = -i**2 - 31*i - 167. Let g be z(-24). Calculate the greatest common factor of g and 23.
1
Let t be 0 + 0 + 8 - -2. Let f(s) = -s**3 + 13*s**2 - 13*s - 9. Suppose 54 = 7*n - 23. Let v be f(n). Calculate the highest common divisor of t and v.
10
Let r = -1499 - -1568. Calculate the greatest common divisor of 460 and r.
23
Let u be (-1400)/(-26) + (-68)/(-442). What is the greatest common factor of 351 and u?
27
Let z = 23 - 18. Let c be -37*3/(-2) - (-8)/(-16). Calculate the greatest common divisor of c and z.
5
Let i be (1/(-3))/(6/(-90)) - -7. What is the greatest common factor of i and 3?
3
Suppose 7*y + 0*y = 3542. Calculate the highest common divisor of 22 and y.
22
Let g = 119 - 112. Calculate the greatest common factor of 133 and g.
7
Suppose -4 = v - 3*v. Suppose v*l + l = -60. Let d = 23 + l. What is the greatest common factor of 3 and d?
3
Let z be (-4)/(-6)*108/(-24). Let m(p) = -3*p - 1. Let u be m(z). Suppose -k + u = 3*k. What is the highest common divisor of k and 4?
2
Let j(n) = n**3 - 11*n**2 + 23*n + 6. Let q be j(8). Let w be ((0 - -5)*648/(-90))/q. What is the highest common divisor of 9 and w?
9
Let b be (-42)/15 + 3 - (-15348)/60. What is the greatest common divisor of b and 8?
8
Let x = -746 + 766. What is the greatest common factor of 540 and x?
20
Suppose 3*g = -0*g + 1683. What is the highest common divisor of g and 51?
51
Let p(u) = u**2 + 2*u - 4. Let g be p(-4). Suppose 21 = -4*l + 85. What is the highest common divisor of l and g?
4
Let o = -4 - -6. Suppose i - 11 = 3*x + o*x, i = x + 31. Let c = i - 8. Calculate the highest common divisor of c and 42.
14
Let n(x) = 65*x**2 + 170*x + 3. Let s be n(-3). Suppose -5*i + 84 = -176. Calculate the highest common divisor of i and s.
26
Suppose -y + 14 = -3*j, 4*j - 6 - 2 = -4*y. Suppose 20 + 120 = 4*u. Let l = 20 + u. What is the highest common factor of y and l?
5
Suppose -28*s + 3888 = -s. Calculate the greatest common divisor of s and 192.
48
Let z(n) = 9*n - 13. Let c be z(13). Let y = 149 - c. Let j be -1 + 0 + 2 - -14. Calculate the greatest common divisor of y and j.
15
Let m = 757 + -751. Let x be (36 + 0)*30/20. What is the highest common factor of m and x?
6
Let x = 635 - 618. Let s = 47 + 4. Calculate the greatest common divisor of s and x.
17
Let w be (-6)/4*(-456)/18. Suppose 6*h = 3*h - m + w, -4*h + 2*m + 54 = 0. What is the highest common divisor of 13 and h?
13
Let b(a) = 15*a + 74. Let r be b(-3). What is the highest common divisor of r and 319?
29
Let j = -623 + 643. Suppose 2*y - 28 = 5*w, 1 = -y - 2*w - 3. What is the greatest common divisor of y and j?
4
Suppose 0 = -5*q, -w + 0*w + 2*q + 4 = 0. Suppose 0 = 2*n + 2, 4*v + n - 49 + 2 = 0. What is the highest common divisor of w and v?
4
Let u = 2 + 20. Let k(p) = 3*p - 10. Suppose -53*b = -57*b + 16. Let d be k(b). Calculate the greatest common factor of d and u.
2
Suppose -30*w = 18*w - 768. Calculate the highest common factor of w and 12.
4
Let c be (4 + 10/5)/(-2) + 185. What is the highest common divisor of 52 and c?
26
Let b = 15 + -11. Suppose -s + 68 = 6*a - 2*a, 52 = 2*a - b*s. Suppose 0 = -r - 0 + 4, 5*l + r = 49. What is the highest common factor of l and a?
9
Let x(d) = 3*d**2 + 5*d + 2. Let t be x(-3). Let r = 72 + 26. What is the greatest common factor of r and t?
14
Let b be 3/(-9)*(-24 + 0). Let o = -12 + 18. Let r = o - 4. What is the greatest common divisor of b and r?
2
Let n be 1/(351/(-176) + 2). Let k = 15 + -147. Let a be ((-13)/((-390)/k))/(2/(-10)). What is the greatest common factor of n and a?
22
Let i = -1354 + 1959. Calculate the highest common factor of 5 and i.
5
Let v be (-15)/(-6) - (-1)/(-2). Suppose 0 = 2*m - 19 + 3. Calculate the highest common factor of m and v.
2
Suppose 0 = -710*r + 704*r + 720. Calculate the highest common divisor of 192 and r.
24
Let l = -28 + 44. Let v(p) = p**2 + p - 4. Let d be v(-3). Suppose -3*z + 20 = d*h - 6*h, -3*z = 4*h - 28. What is the greatest common factor of z and l?
8
Suppose -20*q + 3254 = -3706. What is the highest common divisor of 12 and q?
12
Let c be (-6 - 549/15) + (-4)/10. Let j = 59 - c. Calculate the highest common factor of 6 and j.
6
Let x(k) = -4*k**3 - 4*k**2 + 6*k + 1. Let r be x(-3). Calculate the greatest common factor of 22 and r.
11
Suppose -9*y = -10 - 8. Suppose y*q - 4*u = -2*u + 32, -3*q - 3*u + 60 = 0. Calculate the greatest common divisor of 48 and q.
6
Suppose x = w - 2, -4*w + 2 + 24 = 2*x. What is the greatest common factor of w and 685?
5
Suppose 2*p = 3*p - 19. Suppose p*f - 18*f - 72 = 0. Calculate the greatest common divisor of 48 and f.
24
Suppose -2*b + 154 = 4. What is the highest common divisor of b and 75?
75
Let a(y) = 4*y**2 + 9*y + 11. Let w be a(-1). Let c = -16 - -31. Calculate the highest common factor of w and c.
3
Let w = -799 + 812. Calculate the greatest common factor of 1677 and w.
13
Suppose 2*c = 7*c + 805. Let b = 206 + c. Calculate the greatest common divisor of b and 10.
5
Suppose -p - 18 = -2*i, p + 57 - 12 = 5*i. Let k be (5 - 0)*(-114)/(-5). Suppose 428 = 4*x + 2*b + k, -3*b = 15. Calculate the highest common factor of x and i.
9
Let m be (11 + (-18)/(-6))*(-2 + 19). Calculate the highest common factor of 14 and m.
14
Let m(a) = -2*a**2 + 2*a - 2. Let w be m(4). Let q = w - -28. Suppose 2*s + 25 = 4*s - l, -4*s + 65 = 3*l. What is the greatest common divisor of s and q?
2
Let s be (-6 + 7)*-1*-95. Calculate the highest common divisor of s and 133.
19
Let j = -63 - -66. Suppose 2*r = -j*m + 43, -4*r + 49 + 12 = m. 